ue
Is 76371 a multiple of 5?
False
Is 1139805 a multiple of 135?
True
Is 3 a factor of 648022?
False
Is 12 a factor of 925128?
True
Does 13 divide 180490?
False
Is 8943 a multiple of 3?
True
Is 3938814 a multiple of 349?
True
Does 6 divide 440979?
False
Is 161394 a multiple of 9?
False
Is 17 a factor of 35534?
False
Is 984 a multiple of 6?
True
Is 28 a factor of 21868?
True
Is 12 a factor of 31500?
True
Is 46 a factor of 10876286?
True
Is 335 a factor of 433770?
False
Is 21 a factor of 154077?
True
Is 65912 a multiple of 308?
True
Does 27 divide 306720?
True
Is 297900 a multiple of 300?
True
Does 112 divide 820563?
False
Is 182204 a multiple of 109?
False
Does 4 divide 40232?
True
Is 43298 a multiple of 15?
False
Is 962244 a multiple of 271?
False
Is 35 a factor of 1137340?
False
Does 167 divide 238720?
False
Does 35 divide 4278?
False
Does 108 divide 44604?
True
Does 10 divide 51220?
True
Is 214918 a multiple of 22?
True
Is 374598 a multiple of 126?
True
Does 165 divide 494505?
True
Is 354958 a multiple of 51?
False
Is 904740 a multiple of 20?
True
Is 310926 a multiple of 77?
True
Is 138966 a multiple of 132?
False
Does 17 divide 676405?
False
Does 132 divide 87912?
True
Is 287904 a multiple of 51?
False
Does 230 divide 17781?
False
Is 83 a factor of 87124?
False
Is 14119426 a multiple of 14?
False
Is 2 a factor of 11925?
False
Is 23 a factor of 3721262?
True
Is 7 a factor of 76923?
True
Does 218 divide 556554?
True
Does 329 divide 3430812?
True
Does 160 divide 1896415?
False
Does 518 divide 518?
True
Is 21 a factor of 1524684?
True
Is 301 a factor of 253743?
True
Does 108 divide 20178828?
True
Is 6314 a multiple of 4?
False
Does 8 divide 298969?
False
Is 190695 a multiple of 108?
False
Is 278 a factor of 3890163?
False
Does 3 divide 425759?
False
Is 257 a factor of 975499?
False
Is 23 a factor of 363461?
False
Is 8 a factor of 6399390?
False
Does 187 divide 343332?
True
Is 258224 even?
True
Does 8 divide 2871456?
True
Does 3 divide 24870?
True
Does 105 divide 5829094?
False
Is 111 a factor of 203388?
False
Is 2203152 a multiple of 84?
True
Is 163 a factor of 879385?
True
Does 8 divide 54839?
False
Is 61 a factor of 501340?
False
Is 103 a factor of 561884?
False
Is 82899 a multiple of 31?
False
Does 122 divide 816668?
True
Does 9 divide 448182?
True
Is 2391606 a multiple of 132?
False
Does 255 divide 291228?
False
Is 21 a factor of 39973437?
True
Is 11 a factor of 4589452?
False
Is 548438 a multiple of 257?
True
Is 24 a factor of 461659?
False
Is 11 a factor of 219252?
True
Does 267 divide 7387381?
False
Does 208 divide 6944288?
True
Is 19 a factor of 6182296?
True
Is 1954257 a multiple of 177?
True
Is 8 a factor of 787990?
False
Does 15 divide 14434491?
False
Does 170 divide 371593?
False
Is 174056 a multiple of 64?
False
Is 3 a factor of 74420?
False
Is 2959275 a multiple of 33?
True
Is 24 a factor of 682320?
True
Does 68 divide 4556?
True
Is 45 a factor of 4896765?
True
Does 2 divide 21099?
False
Is 150710 a multiple of 5?
True
Is 2298892 a multiple of 79?
False
Is 185 a factor of 10369065?
True
Does 29 divide 5788947?
False
Is 758725 a multiple of 7?
False
Is 447246 a multiple of 389?
False
Is 1737315 a multiple of 103?
False
Is 904578 a multiple of 3?
True
Does 597 divide 1269874?
False
Does 795 divide 2676312?
False
Is 187614 a multiple of 21?
True
Does 13 divide 11630119?
False
Does 5 divide 148793?
False
Is 17 a factor of 11849?
True
Does 105 divide 63210?
True
Does 21 divide 3651858?
True
Does 3 divide 109426?
False
Is 23908 a multiple of 172?
True
Is 10859415 a multiple of 76?
False
Does 198 divide 12392?
False
Is 1796067 a multiple of 39?
True
Is 21 a factor of 4627159?
False
Is 69 a factor of 983500?
False
Is 178258 a multiple of 96?
False
Does 14 divide 1484700?
True
Is 76 a factor of 475532?
True
Is 342465 a multiple of 237?
True
Is 8 a factor of 4950?
False
Is 10 a factor of 1544750?
True
Is 376901 a multiple of 51?
False
Is 118 a factor of 67641?
False
Is 20 a factor of 3116640?
True
Does 14 divide 1822305?
False
Is 99 a factor of 56232?
True
Is 4719937 a multiple of 181?
True
Is 83 a factor of 350011?
True
Is 32 a factor of 11756864?
True
Is 515319 a multiple of 463?
True
Is 1309754 a multiple of 57?
False
Does 89 divide 780886?
True
Does 215 divide 1428604?
False
Is 282 a factor of 307386?
False
Is 44 a factor of 20548?
True
Does 74 divide 58090?
True
Does 280 divide 276347?
False
Is 8 a factor of 15395?
False
Is 111 a factor of 9924?
False
Is 2321028 a multiple of 12?
True
Is 40582 a multiple of 17?
False
Is 1247134 a multiple of 1603?
True
Does 11 divide 2012769?
True
Is 40533 a multiple of 59?
True
Is 498881 a multiple of 23?
False
Is 549584 a multiple of 49?
True
Is 142 a factor of 1200326?
True
Does 39 divide 39663?
True
Is 9 a factor of 1719640?
False
Is 1327697 a multiple of 18?
False
Is 79575 a multiple of 25?
True
Does 6 divide 1751928?
True
Is 19 a factor of 325736?
True
Is 85 a factor of 1376660?
True
Does 14 divide 155036?
True
Is 11727732 a multiple of 14?
False
Is 20668230 a multiple of 1088?
False
Is 16 a factor of 139152?
True
Is 3779582 a multiple of 3?
False
Is 28 a factor of 569141?
False
Is 61733 a multiple of 12?
False
Is 261638 a multiple of 347?
True
Does 46 divide 1965856?
True
Is 362680 a multiple of 40?
True
Is 65556 a multiple of 18?
True
Is 191570 a multiple of 306?
False
Does 103 divide 9568494?
True
Is 38 a factor of 292421?
False
Does 7 divide 60262?
False
Is 135720 a multiple of 65?
True
Is 265231 a multiple of 3?
False
Is 95009 a multiple of 95?
False
Does 156 divide 12415829?
False
Is 150038 a multiple of 7?
True
Is 14 a factor of 1562708?
True
Is 18134 a multiple of 5?
False
Is 200480 a multiple of 7?
True
Is 82333 a multiple of 21?
False
Does 917 divide 1220330?
False
Is 19 a factor of 189512?
False
Is 227933 a multiple of 6?
False
Is 4037995 a multiple of 74?
False
Does 115 divide 83761?
False
Does 76 divide 1800519?
False
Is 31414 a multiple of 139?
True
Is 16 a factor of 16061381?
False
Is 32 a factor of 1047500?
False
Is 551 a factor of 25346?
True
Does 242 divide 123514?
False
Is 13 a factor of 1469512?
False
Is 1953 a factor of 5439778?
False
Is 623141 a multiple of 6?
False
Does 4 divide 1536540?
True
Does 8 divide 23817309?
False
Does 247 divide 412703?
False
Does 69 divide 342516?
True
Does 8 divide 261304?
True
Is 831581 a multiple of 10?
False
Is 16203803 a multiple of 25?
False
Does 25 divide 2002600?
True
Is 10457166 a multiple of 1236?
False
Does 251 divide 717107?
True
Is 15 a factor of 127426?
False
Is 1011 a factor of 3093914?
False
Is 53 a factor of 1941390?
True
Is 12337999 a multiple of 132?
False
Is 687 a factor of 19330754?
False
Does 116 divide 172148?
False
Is 5947786 a multiple of 102?
False
Does 946 divide 2756644?
True
Is 390 a factor of 274289?
False
Does 146 divide 210502?
False
Is 14 a factor of 145761?
False
Is 15 a factor of 9992325?
True
Is 213 a factor of 28116?
True
Is 374967 a multiple of 61?
True
Is 1594561 a multiple of 78?
False
Is 13001764 a multiple of 558?
False
Is 51 a factor of 1285047?
True
Is 452682 a multiple of 249?
True
Does 6 divide 706?
False
Does 18 divide 3128850?
True
Does 13 divide 410772?
False
Is 7958138 a multiple of 1006?
False
Is 27288 a multiple of 6?
True
Does 58 divide 211199?
False
Is 96 a factor of 334451?
False
Is 10756044 a multiple of 27?
True
Does 139 divide 253397?
True
Is 64 a factor of 643793?
False
Does 20 divide 29788?
False
Is 80403 a multiple of 3?
True
Does 7 divide 21947?
False
Is 249 a factor of 980061?
False
Is 82 a factor of 2917314?
True
Does 81 divide 129600?
True
Does 5 divide 15780?
True
Does 6 divide 35582?
False
Is 1674 a factor of 7173090?
True
Is 3276828 a multiple of 19?
False
Does 44 divide 1669448?
True
Does 3 divide 737?
False
Is 30 a factor of 15166380?
True
Is 2005929 a multiple of 147?
False
Does 87 divide 491827?
False
Is 3 a factor of 99492?
True
Is 195251 a multiple of 562?
False
Is 56 a factor of 44968?
True
Is 3543607 a multiple of 887?
False
Is 139 a factor of 529543?
False
Is 37774 a multiple of 114?
False
Is 31 a factor of 1004524?
True
Does 1121 divide 3247883?
False
Is 5 a factor of 13870?
True
Is 101 a factor of 508939?
True
Is 983755 a multiple of 3?
False
Does 48 divide 60487?
